uppose h - 3 = 5. Suppose 3*a - 30 = 4*j, -4*a = -0*a - 3*j - 33. Suppose 2*x - b + 15 = a*x, 3*x = -5*b - 10. Calculate the remainder when h is divided by x.
3
Let h be (16/(-6))/((-10)/15). Suppose 4*r - 196 = h*d, -2*r + 3*d = -2*d - 86. Calculate the remainder when r is divided by 14.
11
Suppose -2*r = -7*r + 25. Suppose 2*d = r*d - 141. Calculate the remainder when d is divided by 2/(-8) - (0 - (-195)/(-12)).
15
Suppose -4*j + 70 = -18. Suppose 0*z - 49 = -z + 3*m, 2*z + 5*m = 76. What is the remainder when z is divided by j?
21
Let v(w) = -w**2 - 6*w - 7. Let i be v(-7). Let b = 19 + i. What is the remainder when 8 is divided by b?
3
Let p = 22 - 11. Calculate the remainder when -1 - (-33 + 0/1) is divided by p.
10
Calculate the remainder when ((-21)/(-12))/((-4)/(-16)) is divided by 4.
3
Let f = -16 + 22. Let l(x) = -3*x + x**2 - 3*x + 4 + 0*x**2. What is the remainder when l(7) is divided by f?
5
Suppose 12 + 150 = 2*i. Calculate the remainder when i is divided by 41.
40
Suppose 0 = -5*u - 5*u + 420. What is the remainder when u is divided by 16?
10
Let s(b) be the second derivative of -b**5/20 - 11*b**4/12 - 2*b**3 - 7*b**2/2 + 3*b. Let g = -15 + 5. Calculate the remainder when 25 is divided by s(g).
12
Suppose 76 = 2*d - g, 2*d - 162 = -2*d - 3*g. Let n = -2 - -3. What is the remainder when d is divided by n/(3/2)*30?
19
Let j be 11 - (1 + (3 - 1)). Let k(y) = y**2 - 8*y + 5. Let h be k(j). Suppose 38 - 8 = h*q. What is the remainder when 16 is divided by q?
4
Let d be (-4)/1*(-36)/16. Suppose -75 = -d*h + 4*h. Suppose 4*x + 5*u = 3, 3*u + 2*u + h = 5*x. Calculate the remainder when x is divided by 2.
0
Suppose 0 = 4*l - 3*f - 2*f - 132, l + 2*f = 20. What is the remainder when l is divided by 23?
5
Suppose 2*d - 3 = d. Suppose -7*r = -d*r. Suppose -5*s + 3*s - 39 = -5*b, r = b + s - 5. Calculate the remainder when 19 is divided by b.
5
Let f = -15 - -18. Suppose -15 = -f*i + 12. What is the remainder when i is divided by 6?
3
Let f = -294 - -75. What is the remainder when 71 is divided by f/(-12) + 1/(-4)?
17
Suppose -2*k + 5*k = -5*j + 80, 3*j = 5*k + 82. Calculate the remainder when j is divided by 14.
5
Let s = -2 - 0. Let n = 40 + -12. Calculate the remainder when n is divided by 1 + 1*(-18)/s.
8
Let p = -2 - -6. Suppose 0 = -p*a - 0 + 4. Suppose 0 = 2*g + 3*o - 2, 3*g - 2*o = 3. Calculate the remainder when a is divided by g.
0
Suppose 2*l + 89 = 4*n + 3*l, 4*l + 22 = 2*n. What is the remainder when 40 is divided by n?
19
Let x = -74 - -160. Calculate the remainder when x is divided by 15.
11
Let u be 6/(-2) + 21/3. Suppose -48 = s - u*s. What is the remainder when 29 is divided by s?
13
Let t = -23 - -13. What is the remainder when (12/t)/((-2)/100) is divided by 21?
18
Suppose 18*l - 16*l - 18 = 0. What is the remainder when 32 is divided by l?
5
Suppose -3*q = 5*c - 40, 5*c + 2*q - 8 - 27 = 0. Calculate the remainder when ((-22)/3)/(3/(-9)) is divided by c.
2
Suppose 0 = -3*j + 7*u - 3*u + 6, 4 = 2*j + 4*u. Suppose 2*w = -2*a + 4 - 0, -j*w + a + 19 = 0. What is the remainder when 12 is divided by w?
5
Let s = 4 + -2. Suppose -5*m + 37 = i, -s*m + 6*m - i - 35 = 0. Calculate the remainder when 29 is divided by m.
5
Let a be 5/(-2)*-1*2. Suppose -a*u + 26 = 3*q + q, 0 = -5*u + 10. Suppose 7 = 2*y + 1. Calculate the remainder when q is divided by y.
1
Let u(b) = -5 - 2 + 6 + 2*b. Let x(n) = n**3 + 9*n**2 - 10*n + 4. Let d be x(-10). Calculate the remainder when 19 is divided by u(d).
5
Let c(s) = -s**2 + 9*s - 6. Calculate the remainder when 53 is divided by c(4).
11
Let t(u) = u**2 + u - 2. Let m be t(2). Let h(c) = 2*c**2 - 8*c - 14. Let l be h(7). Calculate the remainder when l + m/(-2) + 2 is divided by 15.
13
Let a(w) = w - 1 + 3*w**2 + 0*w**2 + 4*w**2 - 6*w**2. What is the remainder when 29 is divided by a(-4)?
7
Let d = -7 + 28. Suppose -9 = -3*z + d. Calculate the remainder when 37 is divided by z.
7
Let i(f) = -f - 1 + 5*f - 2*f. Calculate the remainder when 4 is divided by i(2).
1
Let i(y) be the second derivative of -8*y**3/3 + y**2/2 - 5*y. What is the remainder when i(-1) is divided by (-1 - -9) + -1 - 1?
5
Let k be (0 + 1)*(-23 + -1). Let s = k - -35. What is the remainder when 30 is divided by s?
8
Suppose 2*y + 131 = 5*y - 5*z, z = 2*y - 99. What is the remainder when y is divided by (23/1 - -1) + 3?
25
Suppose -93 - 78 = -5*r - 3*v, -3*v + 27 = r. Suppose -4*t + 20 = -8. Let d = 12 + t. What is the remainder when r is divided by d?
17
What is the remainder when 25 is divided by (9/12)/((-1)/(-12))?
7
Calculate the remainder when 31 + (-2)/(-2) - 2 is divided by 17.
13
Let l(k) = 20*k. Let h be l(1). Suppose -3*d = 2*d - h. Suppose 29 + 47 = d*g. What is the remainder when g is divided by 7?
5
Let w = 18 - 2. Let o(r) = -2*r - 2. Let f = 3 + -7. Calculate the remainder when w is divided by o(f).
4
Let p = 3 - -2. Suppose 0 = -c - 4*a - 1, -3*c + 5*a = -p*c + 1. What is the remainder when 8 is divided by c?
2
Let n = -4 + 4. Let x = 1 - n. Let f = -2 - -3. Calculate the remainder when x is divided by f.
0
Let h(g) = 2*g**2 - 11*g + 5. What is the remainder when h(10) is divided by 16?
15
Let p(v) = 7*v**2 - 1. Suppose -2*i - 10 = -4*q, -2*q + 3 + 4 = -3*i. Let t be p(i). Suppose 8*a - 7*a = t. Calculate the remainder when 16 is divided by a.
4
Suppose 16 - 32 = j. Let n = 5 - j. Calculate the remainder when n is divided by 12.
9
Suppose 0 = -27*o + 23*o + 1404. Calculate the remainder when o is divided by 22.
21
Let b = -46 + 63. Let r(t) = -3*t - 3. What is the remainder when b is divided by r(-4)?
8
Let v(o) = -o**3 + 11*o**2 + o - 8. What is the remainder when 8 is divided by v(11)?
2
Let p = 1 + 2. Suppose -212 = -3*k + 5*q - 4*q, -k = -4*q - 89. Suppose k - p = 3*i. Calculate the remainder when i is divided by 12.
10
Let x(a) = 2*a**2 + 4*a. Let v be x(-3). Calculate the remainder when 41 is divided by -2*v*35/(-28).
11
Suppose 2*t = 10, -5*j = -j + 2*t - 218. Suppose 2*h - j = -4. Suppose 0 = -2*d - g + 29, -11 - 32 = -4*d + 3*g. What is the remainder when h is divided by d?
11
Let d = -3 + 1. Suppose -6*m + 49 = m. What is the remainder when 1*(d + 1 + 27) is divided by m?
5
Suppose 18 = -25*d + 28*d. Let u(i) = i + 21. What is the remainder when u(0) is divided by 4*5*d/20?
3
Let m = -1 + 4. Suppose 122 = m*c + u, -4*c + 5*c - 3*u = 34. What is the remainder when c is divided by 14?
12
Let w(p) be the third derivative of -p**4/8 - p**3/2 + 3*p**2. Let x = 3 + -6. Calculate the remainder when 10 is divided by w(x).
4
Let u = -182 + 326. Calculate the remainder when 29 is divided by u/14 - (-6)/(-21).
9
Let q(w) = -w**2 + 16*w + 6. Let i be q(16). Let o(y) = y**2 - 7*y + 14. What is the remainder when 39 is divided by o(i)?
7
Let p(q) = -97*q**2 - 3*q + 2. Let j be p(2). Let r(v) = -v**3 + 7*v**2 + v + 1. Calculate the remainder when r(5) is divided by (-3)/5 - j/20.
18
Let z be (-91)/(-7) + 2 + -4. Let p = -7 + z. Calculate the remainder when 14 is divided by p.
2
Let n = -73 + 156. Suppose -b + 45 = -2*z, 2*z - n = -2*b - z. Calculate the remainder when b is divided by 11.
10
Suppose -d = 3*d - 8, 3*k = 4*d + 34. Calculate the remainder when 68 is divided by k.
12
Let q be ((-430)/(-25))/((-4)/(-10)). Suppose q + 22 = 5*u. Calculate the remainder when 25 is divided by u.
12
Suppose -2*a = 3 - 11. Suppose 48 = 4*l + a*v, -3*l + 5*v - 40 = -6*l. Suppose 2*h - 30 = -4*x, 0*x - 2*x = 4. What is the remainder when h is divided by l?
9
Let h(z) = z**3 + 4*z**2 + 2*z + 1. Let g be h(-2). Suppose g*y - 2*m - m = 45, 19 = 4*y + m. Calculate the remainder when y is divided by (-2)/((-2)/(-4)*-1).
2
Let x = -26 - -34. What is the remainder when x is divided by 3?
2
Suppose -8*p = -6*p - 82. Calculate the remainder when p is divided by 11.
8
Let a = -60 - -18. Let m = -31 - a. What is the remainder when 2/7 - 222/(-7) is divided by m?
10
Suppose -w + 4 = -1. Suppose 83 = 3*o - w*u, -2*u + 50 = 2*o - 0. What is the remainder when o is divided by 9?
8
Suppose p - 4 = 5*i, 2*p - p + 10 = -2*i. What is the remainder when 31 - 2/(p/(-3)) is divided by 8?
6
Let g = 3 - -13. Let v = g - 5. Let a(x) = 4*x - 18. Calculate the remainder when v is divided by a(6).
5
Let f be (-1)/(-3) + (-53)/(-3). Let j = f - -201. Suppos